{"id":193,"date":"2025-01-04T21:59:30","date_gmt":"2025-01-05T00:59:30","guid":{"rendered":"https:\/\/vistaverde.art\/?page_id=193"},"modified":"2025-02-07T22:36:42","modified_gmt":"2025-02-08T01:36:42","slug":"descripcion-2","status":"publish","type":"page","link":"https:\/\/vistaverde.art\/?page_id=193","title":{"rendered":"Descripci\u00f3n de caba\u00f1a Deg\u00fa"},"content":{"rendered":"\t\t<div data-elementor-type=\"wp-page\" data-elementor-id=\"193\" class=\"elementor elementor-193\">\n\t\t\t\t<div class=\"elementor-element elementor-element-5e511af3 e-flex e-con-boxed e-con e-parent\" data-id=\"5e511af3\" data-element_type=\"container\">\n\t\t\t\t\t<div class=\"e-con-inner\">\n\t\t\t\t<div class=\"elementor-element elementor-element-70cf56f elementor-widget elementor-widget-text-editor\" data-id=\"70cf56f\" data-element_type=\"widget\" data-widget_type=\"text-editor.default\">\n\t\t\t\t<div class=\"elementor-widget-container\">\n\t\t\t\t\t\t\t\t\t<p><\/p>\n<h6><strong>Nombre de esta caba\u00f1a : Deg\u00fa<\/strong><\/h6>\n<p><\/p>\n<p>Deg\u00fa cuenta con ba\u00f1o, ducha, cama doble, cocina, refrigerador. cocina\u00a0 y terraza con vista al oc\u00e9ano.<\/p>\n<p><\/p>\n<figure class=\"wp-block-gallery has-nested-images columns-default is-cropped wp-block-gallery-2 is-layout-flex wp-block-gallery-is-layout-flex\">\n<p>\u00a0<\/p>\n<figure class=\"wp-block-image size-large\"><img fetchpriority=\"high\" decoding=\"async\" data-id=\"211\" class=\"alignnone wp-image-377 size-medium\" src=\"https:\/\/vistaverde.art\/wp-content\/uploads\/2025\/01\/Dormitorio-240x300.jpg\" alt=\"\" width=\"240\" height=\"300\" srcset=\"https:\/\/vistaverde.art\/wp-content\/uploads\/2025\/01\/Dormitorio-240x300.jpg 240w, https:\/\/vistaverde.art\/wp-content\/uploads\/2025\/01\/Dormitorio-820x1024.jpg 820w, https:\/\/vistaverde.art\/wp-content\/uploads\/2025\/01\/Dormitorio-768x959.jpg 768w, https:\/\/vistaverde.art\/wp-content\/uploads\/2025\/01\/Dormitorio.jpg 900w\" sizes=\"(max-width: 240px) 100vw, 240px\" \/><\/figure>\n<p><\/p>\n<figure class=\"wp-block-image size-large\"><img decoding=\"async\" width=\"576\" height=\"1024\" data-id=\"214\" class=\"wp-image-214\" src=\"https:\/\/vistaverde.art\/wp-content\/uploads\/2025\/01\/IMG-20250104-WA0012-1-576x1024.jpg\" alt=\"\" srcset=\"https:\/\/vistaverde.art\/wp-content\/uploads\/2025\/01\/IMG-20250104-WA0012-1-576x1024.jpg 576w, https:\/\/vistaverde.art\/wp-content\/uploads\/2025\/01\/IMG-20250104-WA0012-1-169x300.jpg 169w, https:\/\/vistaverde.art\/wp-content\/uploads\/2025\/01\/IMG-20250104-WA0012-1-768x1365.jpg 768w, https:\/\/vistaverde.art\/wp-content\/uploads\/2025\/01\/IMG-20250104-WA0012-1-864x1536.jpg 864w, https:\/\/vistaverde.art\/wp-content\/uploads\/2025\/01\/IMG-20250104-WA0012-1.jpg 900w\" sizes=\"(max-width: 576px) 100vw, 576px\" \/><\/figure>\n<p><\/p>\n<figure class=\"wp-block-image size-large\"><img decoding=\"async\" width=\"576\" height=\"1024\" data-id=\"213\" class=\"wp-image-213\" src=\"https:\/\/vistaverde.art\/wp-content\/uploads\/2025\/01\/IMG-20250104-WA0010-1-576x1024.jpg\" alt=\"\" srcset=\"https:\/\/vistaverde.art\/wp-content\/uploads\/2025\/01\/IMG-20250104-WA0010-1-576x1024.jpg 576w, https:\/\/vistaverde.art\/wp-content\/uploads\/2025\/01\/IMG-20250104-WA0010-1-169x300.jpg 169w, https:\/\/vistaverde.art\/wp-content\/uploads\/2025\/01\/IMG-20250104-WA0010-1-768x1365.jpg 768w, https:\/\/vistaverde.art\/wp-content\/uploads\/2025\/01\/IMG-20250104-WA0010-1-864x1536.jpg 864w, https:\/\/vistaverde.art\/wp-content\/uploads\/2025\/01\/IMG-20250104-WA0010-1.jpg 900w\" sizes=\"(max-width: 576px) 100vw, 576px\" \/><\/figure>\n<p><\/p>\n<figure class=\"wp-block-image size-large\"><img loading=\"lazy\" decoding=\"async\" width=\"576\" height=\"1024\" data-id=\"216\" class=\"wp-image-216\" src=\"https:\/\/vistaverde.art\/wp-content\/uploads\/2025\/01\/IMG-20250104-WA0014-576x1024.jpg\" alt=\"\" srcset=\"https:\/\/vistaverde.art\/wp-content\/uploads\/2025\/01\/IMG-20250104-WA0014-576x1024.jpg 576w, https:\/\/vistaverde.art\/wp-content\/uploads\/2025\/01\/IMG-20250104-WA0014-169x300.jpg 169w, https:\/\/vistaverde.art\/wp-content\/uploads\/2025\/01\/IMG-20250104-WA0014-768x1365.jpg 768w, https:\/\/vistaverde.art\/wp-content\/uploads\/2025\/01\/IMG-20250104-WA0014-864x1536.jpg 864w, https:\/\/vistaverde.art\/wp-content\/uploads\/2025\/01\/IMG-20250104-WA0014.jpg 900w\" sizes=\"(max-width: 576px) 100vw, 576px\" \/><\/figure>\n<p><\/p>\n<figure class=\"wp-block-image size-large\"><img loading=\"lazy\" decoding=\"async\" width=\"576\" height=\"1024\" data-id=\"219\" class=\"wp-image-219\" src=\"https:\/\/vistaverde.art\/wp-content\/uploads\/2025\/01\/IMG-20250104-WA0013-1-576x1024.jpg\" alt=\"\" srcset=\"https:\/\/vistaverde.art\/wp-content\/uploads\/2025\/01\/IMG-20250104-WA0013-1-576x1024.jpg 576w, https:\/\/vistaverde.art\/wp-content\/uploads\/2025\/01\/IMG-20250104-WA0013-1-169x300.jpg 169w, https:\/\/vistaverde.art\/wp-content\/uploads\/2025\/01\/IMG-20250104-WA0013-1-768x1365.jpg 768w, https:\/\/vistaverde.art\/wp-content\/uploads\/2025\/01\/IMG-20250104-WA0013-1-864x1536.jpg 864w, https:\/\/vistaverde.art\/wp-content\/uploads\/2025\/01\/IMG-20250104-WA0013-1.jpg 900w\" sizes=\"(max-width: 576px) 100vw, 576px\" \/><\/figure>\n<p><\/p>\n<figure class=\"wp-block-image size-large\"><img loading=\"lazy\" decoding=\"async\" width=\"576\" height=\"1024\" data-id=\"220\" class=\"wp-image-220\" src=\"https:\/\/vistaverde.art\/wp-content\/uploads\/2025\/01\/IMG-20250104-WA0019-1-576x1024.jpg\" alt=\"\" srcset=\"https:\/\/vistaverde.art\/wp-content\/uploads\/2025\/01\/IMG-20250104-WA0019-1-576x1024.jpg 576w, https:\/\/vistaverde.art\/wp-content\/uploads\/2025\/01\/IMG-20250104-WA0019-1-169x300.jpg 169w, https:\/\/vistaverde.art\/wp-content\/uploads\/2025\/01\/IMG-20250104-WA0019-1-768x1365.jpg 768w, https:\/\/vistaverde.art\/wp-content\/uploads\/2025\/01\/IMG-20250104-WA0019-1-864x1536.jpg 864w, https:\/\/vistaverde.art\/wp-content\/uploads\/2025\/01\/IMG-20250104-WA0019-1.jpg 900w\" sizes=\"(max-width: 576px) 100vw, 576px\" \/><\/figure>\n<p><\/p>\n<figure class=\"wp-block-image size-large\"><img loading=\"lazy\" decoding=\"async\" data-id=\"221\" class=\"alignnone wp-image-378 size-medium\" src=\"https:\/\/vistaverde.art\/wp-content\/uploads\/2025\/01\/Cocina-2-204x300.jpg\" alt=\"\" width=\"204\" height=\"300\" srcset=\"https:\/\/vistaverde.art\/wp-content\/uploads\/2025\/01\/Cocina-2-204x300.jpg 204w, https:\/\/vistaverde.art\/wp-content\/uploads\/2025\/01\/Cocina-2-697x1024.jpg 697w, https:\/\/vistaverde.art\/wp-content\/uploads\/2025\/01\/Cocina-2-768x1128.jpg 768w, https:\/\/vistaverde.art\/wp-content\/uploads\/2025\/01\/Cocina-2.jpg 900w\" sizes=\"(max-width: 204px) 100vw, 204px\" \/><\/figure>\n<p><\/p>\n<figure class=\"wp-block-image size-large\"><img loading=\"lazy\" decoding=\"async\" width=\"576\" height=\"1024\" data-id=\"224\" class=\"wp-image-224\" src=\"https:\/\/vistaverde.art\/wp-content\/uploads\/2025\/01\/IMG-20250104-WA0003-1-576x1024.jpg\" alt=\"\" srcset=\"https:\/\/vistaverde.art\/wp-content\/uploads\/2025\/01\/IMG-20250104-WA0003-1-576x1024.jpg 576w, https:\/\/vistaverde.art\/wp-content\/uploads\/2025\/01\/IMG-20250104-WA0003-1-169x300.jpg 169w, https:\/\/vistaverde.art\/wp-content\/uploads\/2025\/01\/IMG-20250104-WA0003-1-768x1365.jpg 768w, https:\/\/vistaverde.art\/wp-content\/uploads\/2025\/01\/IMG-20250104-WA0003-1-864x1536.jpg 864w, https:\/\/vistaverde.art\/wp-content\/uploads\/2025\/01\/IMG-20250104-WA0003-1.jpg 900w\" sizes=\"(max-width: 576px) 100vw, 576px\" \/><\/figure>\n<p><\/p>\n<figure class=\"wp-block-image size-large\"><img loading=\"lazy\" decoding=\"async\" width=\"576\" height=\"1024\" data-id=\"226\" class=\"wp-image-226\" src=\"https:\/\/vistaverde.art\/wp-content\/uploads\/2025\/01\/IMG-20250104-WA0007-1-576x1024.jpg\" alt=\"\" srcset=\"https:\/\/vistaverde.art\/wp-content\/uploads\/2025\/01\/IMG-20250104-WA0007-1-576x1024.jpg 576w, https:\/\/vistaverde.art\/wp-content\/uploads\/2025\/01\/IMG-20250104-WA0007-1-169x300.jpg 169w, https:\/\/vistaverde.art\/wp-content\/uploads\/2025\/01\/IMG-20250104-WA0007-1-768x1365.jpg 768w, https:\/\/vistaverde.art\/wp-content\/uploads\/2025\/01\/IMG-20250104-WA0007-1-864x1536.jpg 864w, https:\/\/vistaverde.art\/wp-content\/uploads\/2025\/01\/IMG-20250104-WA0007-1.jpg 900w\" sizes=\"(max-width: 576px) 100vw, 576px\" \/><\/figure>\n<p><\/p>\n<figure class=\"wp-block-image size-large\"><img loading=\"lazy\" decoding=\"async\" width=\"576\" height=\"1024\" data-id=\"228\" class=\"wp-image-228\" src=\"https:\/\/vistaverde.art\/wp-content\/uploads\/2025\/01\/IMG-20250104-WA0017-1-576x1024.jpg\" alt=\"\" srcset=\"https:\/\/vistaverde.art\/wp-content\/uploads\/2025\/01\/IMG-20250104-WA0017-1-576x1024.jpg 576w, https:\/\/vistaverde.art\/wp-content\/uploads\/2025\/01\/IMG-20250104-WA0017-1-169x300.jpg 169w, https:\/\/vistaverde.art\/wp-content\/uploads\/2025\/01\/IMG-20250104-WA0017-1-768x1365.jpg 768w, https:\/\/vistaverde.art\/wp-content\/uploads\/2025\/01\/IMG-20250104-WA0017-1-864x1536.jpg 864w, https:\/\/vistaverde.art\/wp-content\/uploads\/2025\/01\/IMG-20250104-WA0017-1.jpg 900w\" sizes=\"(max-width: 576px) 100vw, 576px\" \/><\/figure>\n<p><\/p>\n<figure class=\"wp-block-image size-large\"><img loading=\"lazy\" decoding=\"async\" data-id=\"227\" class=\"alignnone wp-image-375 size-medium\" src=\"https:\/\/vistaverde.art\/wp-content\/uploads\/2025\/01\/Cocina-181x300.jpg\" alt=\"\" width=\"181\" height=\"300\" srcset=\"https:\/\/vistaverde.art\/wp-content\/uploads\/2025\/01\/Cocina-181x300.jpg 181w, https:\/\/vistaverde.art\/wp-content\/uploads\/2025\/01\/Cocina-616x1024.jpg 616w, https:\/\/vistaverde.art\/wp-content\/uploads\/2025\/01\/Cocina-768x1276.jpg 768w, https:\/\/vistaverde.art\/wp-content\/uploads\/2025\/01\/Cocina.jpg 900w\" sizes=\"(max-width: 181px) 100vw, 181px\" \/><\/figure>\n<p><\/p>\n<\/figure>\n<p><\/p>\n<p><\/p><\/div><\/div><\/div><\/div><\/div> <a href=\"https:\/\/vistaverde.art\/?page_id=193#more-193\" class=\"more-link elementor-more-link\"><span aria-label=\"Sigue leyendo Descripci\u00f3n de caba\u00f1a Deg\u00fa\">Elige tu modo de reservaci\u00d3n<\/span><\/a>","protected":false},"excerpt":{"rendered":"<p>Nombre de esta caba\u00f1a : Deg\u00fa Deg\u00fa cuenta con ba\u00f1o, ducha, cama doble, cocina, refrigerador. cocina\u00a0 y terraza con vista al oc\u00e9ano.<\/p>\n","protected":false},"author":1,"featured_media":0,"parent":10,"menu_order":0,"comment_status":"closed","ping_status":"closed","template":"","meta":{"footnotes":""},"class_list":["post-193","page","type-page","status-publish","hentry"],"_links":{"self":[{"href":"https:\/\/vistaverde.art\/index.php?rest_route=\/wp\/v2\/pages\/193","targetHints":{"allow":["GET"]}}],"collection":[{"href":"https:\/\/vistaverde.art\/index.php?rest_route=\/wp\/v2\/pages"}],"about":[{"href":"https:\/\/vistaverde.art\/index.php?rest_route=\/wp\/v2\/types\/page"}],"author":[{"embeddable":true,"href":"https:\/\/vistaverde.art\/index.php?rest_route=\/wp\/v2\/users\/1"}],"replies":[{"embeddable":true,"href":"https:\/\/vistaverde.art\/index.php?rest_route=%2Fwp%2Fv2%2Fcomments&post=193"}],"version-history":[{"count":5,"href":"https:\/\/vistaverde.art\/index.php?rest_route=\/wp\/v2\/pages\/193\/revisions"}],"predecessor-version":[{"id":537,"href":"https:\/\/vistaverde.art\/index.php?rest_route=\/wp\/v2\/pages\/193\/revisions\/537"}],"up":[{"embeddable":true,"href":"https:\/\/vistaverde.art\/index.php?rest_route=\/wp\/v2\/pages\/10"}],"wp:attachment":[{"href":"https:\/\/vistaverde.art\/index.php?rest_route=%2Fwp%2Fv2%2Fmedia&parent=193"}],"curies":[{"name":"wp","href":"https:\/\/api.w.org\/{rel}","templated":true}]}}